{"id":364,"date":"2016-09-08T15:09:37","date_gmt":"2016-09-08T15:09:37","guid":{"rendered":"http:\/\/www.ana-gramas.com\/elrayoverde\/?page_id=364"},"modified":"2026-03-02T17:08:23","modified_gmt":"2026-03-02T17:08:23","slug":"galerias","status":"publish","type":"page","link":"https:\/\/www.ana-gramas.com\/elrayoverde\/galerias\/","title":{"rendered":"Galer\u00edas"},"content":{"rendered":"\n<div class=\"et_pb_section_0 et_pb_section et_section_regular et_block_section\"><div class=\"et_pb_row_0 et_pb_row et_block_row\"><div class=\"et_pb_column_0 et_pb_column et_pb_column_4_4 et-last-child et_block_column et_pb_css_mix_blend_mode_passthrough\"><div class=\"et_pb_text_0 et_pb_text et_pb_bg_layout_light et_pb_module et_block_module\"><div class=\"et_pb_text_inner\"><h1>Galer\u00edas Fotogr\u00e1ficas<\/h1>\n<\/div><\/div><\/div><\/div><div class=\"et_pb_row_1 et_pb_row et_pb_row_4col et_block_row et_block_row_4col\"><div class=\"et_pb_column_1 et_pb_column et_pb_column_1_4 et_block_column et_pb_css_mix_blend_mode_passthrough\"><div class=\"et_pb_blurb_0 et_pb_blurb et_pb_bg_layout_light et_pb_blurb_position_top et_pb_module et_block_module\"><div class=\"et_pb_blurb_content\"><div class=\"et_pb_main_blurb_image\"><span class=\"et_pb_image_wrap et_pb_only_image_mode_wrap\"><img loading=\"lazy\" decoding=\"async\" src=\"https:\/\/www.ana-gramas.com\/elrayoverde\/wp-content\/uploads\/2016\/07\/foto_7_g.jpg\" width=\"380\" height=\"555\" srcset=\"https:\/\/www.ana-gramas.com\/elrayoverde\/wp-content\/uploads\/2016\/07\/foto_7_g.jpg 380w, https:\/\/www.ana-gramas.com\/elrayoverde\/wp-content\/uploads\/2016\/07\/foto_7_g-205x300.jpg 205w\" sizes=\"(max-width: 380px) 100vw, 380px\" class=\"wp-image-56\" alt=\"Abuela de La Alberca\" \/><\/span><\/div><div class=\"et_pb_blurb_container\"><h4 class=\"et_pb_module_header\">Anal\u00f3gicas<\/h4><div class=\"et_pb_blurb_description\"><p>Tiempos pasados<\/p>\n<\/div><\/div><\/div><\/div><div class=\"et_pb_blurb_1 et_pb_blurb et_pb_bg_layout_light et_pb_blurb_position_top et_pb_module et_block_module\"><div class=\"et_pb_blurb_content\"><div class=\"et_pb_main_blurb_image\"><a href=\"https:\/\/www.ana-gramas.com\/elrayoverde\/de-cuba\/\"><span class=\"et_pb_image_wrap et_pb_only_image_mode_wrap\"><img loading=\"lazy\" decoding=\"async\" src=\"https:\/\/www.ana-gramas.com\/elrayoverde\/wp-content\/uploads\/2025\/03\/erv_carnaval_seleccion_014.jpg\" width=\"800\" height=\"525\" srcset=\"https:\/\/www.ana-gramas.com\/elrayoverde\/wp-content\/uploads\/2025\/03\/erv_carnaval_seleccion_014.jpg 800w, https:\/\/www.ana-gramas.com\/elrayoverde\/wp-content\/uploads\/2025\/03\/erv_carnaval_seleccion_014-480x315.jpg 480w\" sizes=\"(min-width: 0px) and (max-width: 480px) 480px, (min-width: 481px) 800px, 100vw\" class=\"wp-image-3852\" alt=\"Carnaval de C\u00e1diz\" \/><\/span><\/a><\/div><div class=\"et_pb_blurb_container\"><h4 class=\"et_pb_module_header\"><a href=\"https:\/\/www.ana-gramas.com\/elrayoverde\/de-cuba\/\">Retratos de Carnaval<\/a><\/h4><div class=\"et_pb_blurb_description\"><p>El del mismo C\u00e1diz<\/p>\n<\/div><\/div><\/div><\/div><\/div><div class=\"et_pb_column_2 et_pb_column et_pb_column_1_4 et_block_column et_pb_css_mix_blend_mode_passthrough\"><div class=\"et_pb_blurb_2 et_pb_blurb et_pb_bg_layout_light et_pb_blurb_position_top et_pb_module et_block_module\"><div class=\"et_pb_blurb_content\"><div class=\"et_pb_main_blurb_image\"><a href=\"https:\/\/www.ana-gramas.com\/elrayoverde\/paisajes-en-blanco-y-negro\/\"><span class=\"et_pb_image_wrap et_pb_only_image_mode_wrap\"><img loading=\"lazy\" decoding=\"async\" src=\"https:\/\/www.ana-gramas.com\/elrayoverde\/wp-content\/uploads\/2016\/07\/campo_015.jpg\" width=\"900\" height=\"547\" srcset=\"https:\/\/www.ana-gramas.com\/elrayoverde\/wp-content\/uploads\/2016\/07\/campo_015.jpg 900w, https:\/\/www.ana-gramas.com\/elrayoverde\/wp-content\/uploads\/2016\/07\/campo_015-300x182.jpg 300w, https:\/\/www.ana-gramas.com\/elrayoverde\/wp-content\/uploads\/2016\/07\/campo_015-768x467.jpg 768w\" sizes=\"(max-width: 900px) 100vw, 900px\" class=\"wp-image-61\" alt=\"Sierra de Grazalema\" \/><\/span><\/a><\/div><div class=\"et_pb_blurb_container\"><h4 class=\"et_pb_module_header\"><a href=\"https:\/\/www.ana-gramas.com\/elrayoverde\/paisajes-en-blanco-y-negro\/\">El paisaje en B y N<\/a><\/h4><div class=\"et_pb_blurb_description\"><p>Porque tambi\u00e9n existe<\/p>\n<\/div><\/div><\/div><\/div><div class=\"et_pb_blurb_3 et_pb_blurb et_pb_bg_layout_light et_pb_blurb_position_top et_pb_module et_block_module\"><div class=\"et_pb_blurb_content\"><div class=\"et_pb_main_blurb_image\"><a href=\"https:\/\/www.ana-gramas.com\/elrayoverde\/marruecos\/\"><span class=\"et_pb_image_wrap et_pb_only_image_mode_wrap\"><img loading=\"lazy\" decoding=\"async\" src=\"https:\/\/www.ana-gramas.com\/elrayoverde\/wp-content\/uploads\/2023\/10\/erv_seleccion_185_web.jpg\" width=\"630\" height=\"900\" srcset=\"https:\/\/www.ana-gramas.com\/elrayoverde\/wp-content\/uploads\/2023\/10\/erv_seleccion_185_web.jpg 630w, https:\/\/www.ana-gramas.com\/elrayoverde\/wp-content\/uploads\/2023\/10\/erv_seleccion_185_web-480x686.jpg 480w\" sizes=\"(min-width: 0px) and (max-width: 480px) 480px, (min-width: 481px) 630px, 100vw\" class=\"wp-image-2516\" alt=\"El Begaa\" \/><\/span><\/a><\/div><div class=\"et_pb_blurb_container\"><h4 class=\"et_pb_module_header\"><a href=\"https:\/\/www.ana-gramas.com\/elrayoverde\/marruecos\/\">de Marruecos<\/a><\/h4><div class=\"et_pb_blurb_description\"><p>Arena del desierto, olores y sabores<\/p>\n<\/div><\/div><\/div><\/div><\/div><div class=\"et_pb_column_3 et_pb_column et_pb_column_1_4 et_block_column et_pb_css_mix_blend_mode_passthrough\"><div class=\"et_pb_blurb_4 et_pb_blurb et_pb_bg_layout_light et_pb_blurb_position_top et_pb_module et_block_module\"><div class=\"et_pb_blurb_content\"><div class=\"et_pb_main_blurb_image\"><a href=\"https:\/\/www.ana-gramas.com\/elrayoverde\/batiburrino\/\"><span class=\"et_pb_image_wrap et_pb_only_image_mode_wrap\"><img loading=\"lazy\" decoding=\"async\" src=\"https:\/\/www.ana-gramas.com\/elrayoverde\/wp-content\/uploads\/2025\/03\/tipula_transparente_06.png\" width=\"150\" height=\"150\" srcset=\"https:\/\/www.ana-gramas.com\/elrayoverde\/wp-content\/uploads\/2025\/03\/tipula_transparente_06.png 150w\" sizes=\"(max-width: 150px) 100vw, 150px\" class=\"wp-image-3806\" alt=\"ERV\" \/><\/span><\/a><\/div><div class=\"et_pb_blurb_container\"><h4 class=\"et_pb_module_header\"><a href=\"https:\/\/www.ana-gramas.com\/elrayoverde\/batiburrino\/\">Un volumen innecesario de cosas<\/a><\/h4><div class=\"et_pb_blurb_description\"><p>In\u00fatiles , prescindibles e imperdibles<\/p>\n<p>&nbsp;<\/p>\n<\/div><\/div><\/div><\/div><div class=\"et_pb_blurb_5 et_pb_blurb et_pb_bg_layout_light et_pb_blurb_position_top et_pb_module et_block_module\"><div class=\"et_pb_blurb_content\"><div class=\"et_pb_main_blurb_image\"><span class=\"et_pb_image_wrap et_pb_only_image_mode_wrap\"><img loading=\"lazy\" decoding=\"async\" src=\"https:\/\/www.ana-gramas.com\/elrayoverde\/wp-content\/uploads\/2025\/11\/la_calle_120.jpg\" width=\"270\" height=\"700\" srcset=\"https:\/\/www.ana-gramas.com\/elrayoverde\/wp-content\/uploads\/2025\/11\/la_calle_120.jpg 270w, https:\/\/www.ana-gramas.com\/elrayoverde\/wp-content\/uploads\/2025\/11\/la_calle_120-116x300.jpg 116w\" sizes=\"(max-width: 270px) 100vw, 270px\" class=\"wp-image-4819\" alt=\"La Calle\" \/><\/span><\/div><div class=\"et_pb_blurb_container\"><h4 class=\"et_pb_module_header\">La Gente \/ La Calle<\/h4><div class=\"et_pb_blurb_description\"><p>Todo un teatro<\/p>\n<\/div><\/div><\/div><\/div><\/div><div class=\"et_pb_column_4 et_pb_column et_pb_column_1_4 et-last-child et_block_column et_pb_css_mix_blend_mode_passthrough\"><div class=\"et_pb_blurb_6 et_pb_blurb et_pb_bg_layout_light et_pb_blurb_position_top et_pb_module et_block_module\"><div class=\"et_pb_blurb_content\"><div class=\"et_pb_main_blurb_image\"><a href=\"https:\/\/www.ana-gramas.com\/elrayoverde\/ilustraciones\/\"><span class=\"et_pb_image_wrap et_pb_only_image_mode_wrap\"><img loading=\"lazy\" decoding=\"async\" src=\"https:\/\/www.ana-gramas.com\/elrayoverde\/wp-content\/uploads\/2023\/06\/cartel_cruz_roja_erv.jpg\" width=\"564\" height=\"900\" srcset=\"https:\/\/www.ana-gramas.com\/elrayoverde\/wp-content\/uploads\/2023\/06\/cartel_cruz_roja_erv.jpg 564w, https:\/\/www.ana-gramas.com\/elrayoverde\/wp-content\/uploads\/2023\/06\/cartel_cruz_roja_erv-480x766.jpg 480w\" sizes=\"(min-width: 0px) and (max-width: 480px) 480px, (min-width: 481px) 564px, 100vw\" class=\"wp-image-2433\" alt=\"Fotograf\u00eda Jes\u00fas Mateos Montero\" \/><\/span><\/a><\/div><div class=\"et_pb_blurb_container\"><h4 class=\"et_pb_module_header\"><a href=\"https:\/\/www.ana-gramas.com\/elrayoverde\/ilustraciones\/\">Ilustraciones<\/a><\/h4><div class=\"et_pb_blurb_description\"><p>Ilustraci\u00f3n al poder<\/p>\n<\/div><\/div><\/div><\/div><div class=\"et_pb_blurb_7 et_pb_blurb et_pb_bg_layout_light et_pb_blurb_position_top et_clickable et_pb_module et_block_module\"><div class=\"et_pb_blurb_content\"><div class=\"et_pb_main_blurb_image\"><a href=\"https:\/\/www.ana-gramas.com\/elrayoverde\/de-cuba\/\"><span class=\"et_pb_image_wrap et_pb_only_image_mode_wrap\"><img loading=\"lazy\" decoding=\"async\" src=\"https:\/\/www.ana-gramas.com\/elrayoverde\/wp-content\/uploads\/2021\/07\/erv_trinidad_diciembre2019_4758.jpg\" width=\"1000\" height=\"666\" srcset=\"https:\/\/www.ana-gramas.com\/elrayoverde\/wp-content\/uploads\/2021\/07\/erv_trinidad_diciembre2019_4758.jpg 1000w, https:\/\/www.ana-gramas.com\/elrayoverde\/wp-content\/uploads\/2021\/07\/erv_trinidad_diciembre2019_4758-980x653.jpg 980w, https:\/\/www.ana-gramas.com\/elrayoverde\/wp-content\/uploads\/2021\/07\/erv_trinidad_diciembre2019_4758-480x320.jpg 480w\" sizes=\"(min-width: 0px) and (max-width: 480px) 480px, (min-width: 481px) and (max-width: 980px) 980px, (min-width: 981px) 1000px, 100vw\" class=\"wp-image-1653\" alt=\"El domin\u00f3. Cuba\" \/><\/span><\/a><\/div><div class=\"et_pb_blurb_container\"><h4 class=\"et_pb_module_header\"><a href=\"https:\/\/www.ana-gramas.com\/elrayoverde\/de-cuba\/\">de Cuba<\/a><\/h4><div class=\"et_pb_blurb_description\"><p>Traje estas fotos<\/p>\n<\/div><\/div><\/div><\/div><\/div><\/div><\/div><div class=\"et_pb_section_1 et_pb_section et_section_regular et_block_section\"><div class=\"et_pb_row_2 et_pb_row et_pb_row_4col et_block_row et_block_row_4col\"><div class=\"et_pb_column_5 et_pb_column et_pb_column_1_4 et_block_column et_pb_css_mix_blend_mode_passthrough\"><div class=\"et_pb_blurb_8 et_pb_blurb et_pb_bg_layout_light et_pb_blurb_position_top et_pb_module et_block_module\"><div class=\"et_pb_blurb_content\"><div class=\"et_pb_main_blurb_image\"><span class=\"et_pb_image_wrap et_pb_only_image_mode_wrap\"><img loading=\"lazy\" decoding=\"async\" src=\"https:\/\/www.ana-gramas.com\/elrayoverde\/wp-content\/uploads\/2025\/11\/seleccion_018_sm.jpg\" width=\"493\" height=\"750\" srcset=\"https:\/\/www.ana-gramas.com\/elrayoverde\/wp-content\/uploads\/2025\/11\/seleccion_018_sm.jpg 493w, https:\/\/www.ana-gramas.com\/elrayoverde\/wp-content\/uploads\/2025\/11\/seleccion_018_sm-480x730.jpg 480w\" sizes=\"(min-width: 0px) and (max-width: 480px) 480px, (min-width: 481px) 493px, 100vw\" class=\"wp-image-4608\" alt=\"ERV selecci\u00f3n 018\" \/><\/span><\/div><div class=\"et_pb_blurb_container\"><h4 class=\"et_pb_module_header\">Gente<\/h4><div class=\"et_pb_blurb_description\"><p>Your content goes here. Edit or remove this text inline or in the module Content settings. You can also style every aspect of this content in the module Design settings and even apply custom CSS to this text in the module Advanced settings.<\/p>\n<\/div><\/div><\/div><\/div><\/div><div class=\"et_pb_column_6 et_pb_column et_pb_column_1_4 et_block_column et_pb_css_mix_blend_mode_passthrough\"><div class=\"et_pb_blurb_9 et_pb_blurb et_pb_bg_layout_light et_pb_blurb_position_top et_pb_module et_block_module\"><div class=\"et_pb_blurb_content\"><div class=\"et_pb_main_blurb_image\"><span class=\"et_pb_image_wrap et_pb_only_image_mode_wrap\"><img loading=\"lazy\" decoding=\"async\" src=\"https:\/\/www.ana-gramas.com\/elrayoverde\/wp-content\/uploads\/2025\/10\/erv_marinas_001.jpg\" width=\"750\" height=\"492\" srcset=\"https:\/\/www.ana-gramas.com\/elrayoverde\/wp-content\/uploads\/2025\/10\/erv_marinas_001.jpg 750w, https:\/\/www.ana-gramas.com\/elrayoverde\/wp-content\/uploads\/2025\/10\/erv_marinas_001-480x315.jpg 480w\" sizes=\"(min-width: 0px) and (max-width: 480px) 480px, (min-width: 481px) 750px, 100vw\" class=\"wp-image-4239\" alt=\"Galer\u00eda Marinas\" \/><\/span><\/div><div class=\"et_pb_blurb_container\"><h4 class=\"et_pb_module_header\">R\u00edo<\/h4><div class=\"et_pb_blurb_description\"><p>Your content goes here. Edit or remove this text inline or in the module Content settings. You can also style every aspect of this content in the module Design settings and even apply custom CSS to this text in the module Advanced settings.<\/p>\n<\/div><\/div><\/div><\/div><\/div><div class=\"et_pb_column_7 et_pb_column et_pb_column_1_4 et_block_column et_pb_css_mix_blend_mode_passthrough\"><div class=\"et_pb_blurb_10 et_pb_blurb et_pb_bg_layout_light et_pb_blurb_position_top et_pb_module et_block_module\"><div class=\"et_pb_blurb_content\"><div class=\"et_pb_main_blurb_image\"><span class=\"et_pb_image_wrap et_pb_only_image_mode_wrap\"><img loading=\"lazy\" decoding=\"async\" src=\"https:\/\/www.ana-gramas.com\/elrayoverde\/wp-content\/uploads\/2020\/07\/erv_fondo_grande_canarias.jpg\" width=\"607\" height=\"1080\" srcset=\"https:\/\/www.ana-gramas.com\/elrayoverde\/wp-content\/uploads\/2020\/07\/erv_fondo_grande_canarias.jpg 607w, https:\/\/www.ana-gramas.com\/elrayoverde\/wp-content\/uploads\/2020\/07\/erv_fondo_grande_canarias-480x854.jpg 480w\" sizes=\"(min-width: 0px) and (max-width: 480px) 480px, (min-width: 481px) 607px, 100vw\" class=\"wp-image-1010\" \/><\/span><\/div><div class=\"et_pb_blurb_container\"><h4 class=\"et_pb_module_header\">Niebla<\/h4><div class=\"et_pb_blurb_description\"><p>Your content goes here. Edit or remove this text inline or in the module Content settings. You can also style every aspect of this content in the module Design settings and even apply custom CSS to this text in the module Advanced settings.<\/p>\n<\/div><\/div><\/div><\/div><\/div><div class=\"et_pb_column_8 et_pb_column et_pb_column_1_4 et-last-child et_block_column et_pb_css_mix_blend_mode_passthrough\"><div class=\"et_pb_blurb_11 et_pb_blurb et_pb_bg_layout_light et_pb_blurb_position_top et_pb_module et_block_module\"><div class=\"et_pb_blurb_content\"><div class=\"et_pb_main_blurb_image\"><span class=\"et_pb_image_wrap et_pb_only_image_mode_wrap\"><img loading=\"lazy\" decoding=\"async\" src=\"https:\/\/www.ana-gramas.com\/elrayoverde\/wp-content\/uploads\/2024\/04\/erv_seleccion_ilustraciones_006.jpg\" width=\"800\" height=\"1000\" srcset=\"https:\/\/www.ana-gramas.com\/elrayoverde\/wp-content\/uploads\/2024\/04\/erv_seleccion_ilustraciones_006.jpg 800w, https:\/\/www.ana-gramas.com\/elrayoverde\/wp-content\/uploads\/2024\/04\/erv_seleccion_ilustraciones_006-480x600.jpg 480w\" sizes=\"(min-width: 0px) and (max-width: 480px) 480px, (min-width: 481px) 800px, 100vw\" class=\"wp-image-2928\" alt=\"Faro y gaviota.\" \/><\/span><\/div><div class=\"et_pb_blurb_container\"><h4 class=\"et_pb_module_header\">Mar<\/h4><div class=\"et_pb_blurb_description\"><p>Your content goes here. Edit or remove this text inline or in the module Content settings. You can also style every aspect of this content in the module Design settings and even apply custom CSS to this text in the module Advanced settings.<\/p>\n<\/div><\/div><\/div><\/div><\/div><\/div><\/div>\n","protected":false},"excerpt":{"rendered":"","protected":false},"author":1,"featured_media":0,"parent":0,"menu_order":0,"comment_status":"closed","ping_status":"closed","template":"","meta":{"footnotes":""},"class_list":["post-364","page","type-page","status-publish","hentry"],"yoast_head":"<!-- This site is optimized with the Yoast SEO plugin v27.3 - https:\/\/yoast.com\/product\/yoast-seo-wordpress\/ -->\n<title>Galer\u00edas - El Rayo Verde<\/title>\n<meta name=\"description\" content=\"Galer\u00edas de fotograf\u00edas e ilustraciones de Jes\u00fas Mateos. Exposici\u00f3n en la Galer\u00eda Blanco y Negro de El Puerto de Santa Mar\u00eda.\" \/>\n<meta name=\"robots\" content=\"index, follow, max-snippet:-1, max-image-preview:large, max-video-preview:-1\" \/>\n<link rel=\"canonical\" href=\"https:\/\/www.ana-gramas.com\/elrayoverde\/galerias\/\" \/>\n<meta property=\"og:locale\" content=\"es_ES\" \/>\n<meta property=\"og:type\" content=\"article\" \/>\n<meta property=\"og:title\" content=\"Galer\u00edas - El Rayo Verde\" \/>\n<meta property=\"og:description\" content=\"Galer\u00edas de fotograf\u00edas e ilustraciones de Jes\u00fas Mateos. Exposici\u00f3n en la Galer\u00eda Blanco y Negro de El Puerto de Santa Mar\u00eda.\" \/>\n<meta property=\"og:url\" content=\"https:\/\/www.ana-gramas.com\/elrayoverde\/galerias\/\" \/>\n<meta property=\"og:site_name\" content=\"El Rayo Verde\" \/>\n<meta property=\"article:modified_time\" content=\"2026-03-02T17:08:23+00:00\" \/>\n<meta name=\"twitter:card\" content=\"summary_large_image\" \/>\n<meta name=\"twitter:site\" content=\"@jmateosmontero\" \/>\n<meta name=\"twitter:label1\" content=\"Tiempo de lectura\" \/>\n\t<meta name=\"twitter:data1\" content=\"6 minutos\" \/>\n<script type=\"application\/ld+json\" class=\"yoast-schema-graph\">{\"@context\":\"https:\\\/\\\/schema.org\",\"@graph\":[{\"@type\":\"WebPage\",\"@id\":\"https:\\\/\\\/www.ana-gramas.com\\\/elrayoverde\\\/galerias\\\/\",\"url\":\"https:\\\/\\\/www.ana-gramas.com\\\/elrayoverde\\\/galerias\\\/\",\"name\":\"Galer\u00edas - El Rayo Verde\",\"isPartOf\":{\"@id\":\"https:\\\/\\\/www.ana-gramas.com\\\/elrayoverde\\\/#website\"},\"datePublished\":\"2016-09-08T15:09:37+00:00\",\"dateModified\":\"2026-03-02T17:08:23+00:00\",\"description\":\"Galer\u00edas de fotograf\u00edas e ilustraciones de Jes\u00fas Mateos. Exposici\u00f3n en la Galer\u00eda Blanco y Negro de El Puerto de Santa Mar\u00eda.\",\"breadcrumb\":{\"@id\":\"https:\\\/\\\/www.ana-gramas.com\\\/elrayoverde\\\/galerias\\\/#breadcrumb\"},\"inLanguage\":\"es\",\"potentialAction\":[{\"@type\":\"ReadAction\",\"target\":[\"https:\\\/\\\/www.ana-gramas.com\\\/elrayoverde\\\/galerias\\\/\"]}]},{\"@type\":\"BreadcrumbList\",\"@id\":\"https:\\\/\\\/www.ana-gramas.com\\\/elrayoverde\\\/galerias\\\/#breadcrumb\",\"itemListElement\":[{\"@type\":\"ListItem\",\"position\":1,\"name\":\"Inicio\",\"item\":\"https:\\\/\\\/www.ana-gramas.com\\\/elrayoverde\\\/\"},{\"@type\":\"ListItem\",\"position\":2,\"name\":\"Galer\u00edas\"}]},{\"@type\":\"WebSite\",\"@id\":\"https:\\\/\\\/www.ana-gramas.com\\\/elrayoverde\\\/#website\",\"url\":\"https:\\\/\\\/www.ana-gramas.com\\\/elrayoverde\\\/\",\"name\":\"El Rayo Verde\",\"description\":\"Fotograf\u00edas e ilustraciones de Jes\u00fas Mateos Montero\",\"publisher\":{\"@id\":\"https:\\\/\\\/www.ana-gramas.com\\\/elrayoverde\\\/#\\\/schema\\\/person\\\/792ee8de52e361e1385a392543278911\"},\"potentialAction\":[{\"@type\":\"SearchAction\",\"target\":{\"@type\":\"EntryPoint\",\"urlTemplate\":\"https:\\\/\\\/www.ana-gramas.com\\\/elrayoverde\\\/?s={search_term_string}\"},\"query-input\":{\"@type\":\"PropertyValueSpecification\",\"valueRequired\":true,\"valueName\":\"search_term_string\"}}],\"inLanguage\":\"es\"},{\"@type\":[\"Person\",\"Organization\"],\"@id\":\"https:\\\/\\\/www.ana-gramas.com\\\/elrayoverde\\\/#\\\/schema\\\/person\\\/792ee8de52e361e1385a392543278911\",\"name\":\"Jesus Mateos Montero\",\"image\":{\"@type\":\"ImageObject\",\"inLanguage\":\"es\",\"@id\":\"https:\\\/\\\/www.ana-gramas.com\\\/elrayoverde\\\/wp-content\\\/uploads\\\/2020\\\/12\\\/logo_erv_negro_01.png\",\"url\":\"https:\\\/\\\/www.ana-gramas.com\\\/elrayoverde\\\/wp-content\\\/uploads\\\/2020\\\/12\\\/logo_erv_negro_01.png\",\"contentUrl\":\"https:\\\/\\\/www.ana-gramas.com\\\/elrayoverde\\\/wp-content\\\/uploads\\\/2020\\\/12\\\/logo_erv_negro_01.png\",\"width\":290,\"height\":125,\"caption\":\"Jesus Mateos Montero\"},\"logo\":{\"@id\":\"https:\\\/\\\/www.ana-gramas.com\\\/elrayoverde\\\/wp-content\\\/uploads\\\/2020\\\/12\\\/logo_erv_negro_01.png\"}}]}<\/script>\n<!-- \/ Yoast SEO plugin. -->","yoast_head_json":{"title":"Galer\u00edas - El Rayo Verde","description":"Galer\u00edas de fotograf\u00edas e ilustraciones de Jes\u00fas Mateos. Exposici\u00f3n en la Galer\u00eda Blanco y Negro de El Puerto de Santa Mar\u00eda.","robots":{"index":"index","follow":"follow","max-snippet":"max-snippet:-1","max-image-preview":"max-image-preview:large","max-video-preview":"max-video-preview:-1"},"canonical":"https:\/\/www.ana-gramas.com\/elrayoverde\/galerias\/","og_locale":"es_ES","og_type":"article","og_title":"Galer\u00edas - El Rayo Verde","og_description":"Galer\u00edas de fotograf\u00edas e ilustraciones de Jes\u00fas Mateos. Exposici\u00f3n en la Galer\u00eda Blanco y Negro de El Puerto de Santa Mar\u00eda.","og_url":"https:\/\/www.ana-gramas.com\/elrayoverde\/galerias\/","og_site_name":"El Rayo Verde","article_modified_time":"2026-03-02T17:08:23+00:00","twitter_card":"summary_large_image","twitter_site":"@jmateosmontero","twitter_misc":{"Tiempo de lectura":"6 minutos"},"schema":{"@context":"https:\/\/schema.org","@graph":[{"@type":"WebPage","@id":"https:\/\/www.ana-gramas.com\/elrayoverde\/galerias\/","url":"https:\/\/www.ana-gramas.com\/elrayoverde\/galerias\/","name":"Galer\u00edas - El Rayo Verde","isPartOf":{"@id":"https:\/\/www.ana-gramas.com\/elrayoverde\/#website"},"datePublished":"2016-09-08T15:09:37+00:00","dateModified":"2026-03-02T17:08:23+00:00","description":"Galer\u00edas de fotograf\u00edas e ilustraciones de Jes\u00fas Mateos. Exposici\u00f3n en la Galer\u00eda Blanco y Negro de El Puerto de Santa Mar\u00eda.","breadcrumb":{"@id":"https:\/\/www.ana-gramas.com\/elrayoverde\/galerias\/#breadcrumb"},"inLanguage":"es","potentialAction":[{"@type":"ReadAction","target":["https:\/\/www.ana-gramas.com\/elrayoverde\/galerias\/"]}]},{"@type":"BreadcrumbList","@id":"https:\/\/www.ana-gramas.com\/elrayoverde\/galerias\/#breadcrumb","itemListElement":[{"@type":"ListItem","position":1,"name":"Inicio","item":"https:\/\/www.ana-gramas.com\/elrayoverde\/"},{"@type":"ListItem","position":2,"name":"Galer\u00edas"}]},{"@type":"WebSite","@id":"https:\/\/www.ana-gramas.com\/elrayoverde\/#website","url":"https:\/\/www.ana-gramas.com\/elrayoverde\/","name":"El Rayo Verde","description":"Fotograf\u00edas e ilustraciones de Jes\u00fas Mateos Montero","publisher":{"@id":"https:\/\/www.ana-gramas.com\/elrayoverde\/#\/schema\/person\/792ee8de52e361e1385a392543278911"},"potentialAction":[{"@type":"SearchAction","target":{"@type":"EntryPoint","urlTemplate":"https:\/\/www.ana-gramas.com\/elrayoverde\/?s={search_term_string}"},"query-input":{"@type":"PropertyValueSpecification","valueRequired":true,"valueName":"search_term_string"}}],"inLanguage":"es"},{"@type":["Person","Organization"],"@id":"https:\/\/www.ana-gramas.com\/elrayoverde\/#\/schema\/person\/792ee8de52e361e1385a392543278911","name":"Jesus Mateos Montero","image":{"@type":"ImageObject","inLanguage":"es","@id":"https:\/\/www.ana-gramas.com\/elrayoverde\/wp-content\/uploads\/2020\/12\/logo_erv_negro_01.png","url":"https:\/\/www.ana-gramas.com\/elrayoverde\/wp-content\/uploads\/2020\/12\/logo_erv_negro_01.png","contentUrl":"https:\/\/www.ana-gramas.com\/elrayoverde\/wp-content\/uploads\/2020\/12\/logo_erv_negro_01.png","width":290,"height":125,"caption":"Jesus Mateos Montero"},"logo":{"@id":"https:\/\/www.ana-gramas.com\/elrayoverde\/wp-content\/uploads\/2020\/12\/logo_erv_negro_01.png"}}]}},"_links":{"self":[{"href":"https:\/\/www.ana-gramas.com\/elrayoverde\/wp-json\/wp\/v2\/pages\/364","targetHints":{"allow":["GET"]}}],"collection":[{"href":"https:\/\/www.ana-gramas.com\/elrayoverde\/wp-json\/wp\/v2\/pages"}],"about":[{"href":"https:\/\/www.ana-gramas.com\/elrayoverde\/wp-json\/wp\/v2\/types\/page"}],"author":[{"embeddable":true,"href":"https:\/\/www.ana-gramas.com\/elrayoverde\/wp-json\/wp\/v2\/users\/1"}],"replies":[{"embeddable":true,"href":"https:\/\/www.ana-gramas.com\/elrayoverde\/wp-json\/wp\/v2\/comments?post=364"}],"version-history":[{"count":0,"href":"https:\/\/www.ana-gramas.com\/elrayoverde\/wp-json\/wp\/v2\/pages\/364\/revisions"}],"wp:attachment":[{"href":"https:\/\/www.ana-gramas.com\/elrayoverde\/wp-json\/wp\/v2\/media?parent=364"}],"curies":[{"name":"wp","href":"https:\/\/api.w.org\/{rel}","templated":true}]}}